when 9288 is divided by 9218.
70
Calculate the remainder when 29858 is divided by 30.
8
What is the remainder when 126493 is divided by 268?
265
Calculate the remainder when 41719 is divided by 868.
55
What is the remainder when 622 is divided by 211?
200
What is the remainder when 1993 is divided by 103?
36
Calculate the remainder when 5572 is divided by 186.
178
Calculate the remainder when 21151 is divided by 141.
1
What is the remainder when 5506 is divided by 790?
766
What is the remainder when 22788 is divided by 3?
0
Calculate the remainder when 13099 is divided by 4244.
367
Calculate the remainder when 28418 is divided by 197.
50
Calculate the remainder when 2107 is divided by 347.
25
Calculate the remainder when 205004 is divided by 102481.
42
Calculate the remainder when 3042 is divided by 708.
210
Calculate the remainder when 502671 is divided by 16.
15
Calculate the remainder when 299750 is divided by 123.
122
What is the remainder when 35098 is divided by 67?
57
Calculate the remainder when 6725 is divided by 482.
459
What is the remainder when 327455 is divided by 1088?
1055
Calculate the remainder when 29643 is divided by 9842.
117
What is the remainder when 4430874 is divided by 173?
171
What is the remainder when 876 is divided by 388?
100
Calculate the remainder when 147228 is divided by 99.
15
What is the remainder when 75088 is divided by 766?
20
What is the remainder when 29819 is divided by 14904?
11
What is the remainder when 18028 is divided by 462?
10
What is the remainder when 973 is divided by 44?
5
What is the remainder when 16430 is divided by 249?
245
Calculate the remainder when 82298 is divided by 16398.
308
Calculate the remainder when 888 is divided by 159.
93
Calculate the remainder when 10643 is divided by 10624.
19
What is the remainder when 1403134 is divided by 672?
670
Calculate the remainder when 481836 is divided by 760.
756
Calculate the remainder when 639117 is divided by 211.
209
Calculate the remainder when 36486 is divided by 317.
31
Calculate the remainder when 14781 is divided by 49.
32
What is the remainder when 22353 is divided by 210?
93
What is the remainder when 3597 is divided by 3549?
48
What is the remainder when 27913 is divided by 349?
342
Calculate the remainder when 83368 is divided by 72.
64
What is the remainder when 58980 is divided by 59?
39
What is the remainder when 456558 is divided by 8?
6
What is the remainder when 973 is divided by 197?
185
What is the remainder when 515229 is divided by 46835?
44
Calculate the remainder when 9412 is divided by 1563.
34
Calculate the remainder when 3126 is divided by 34.
32
What is the remainder when 58381 is divided by 7294?
29
Calculate the remainder when 26543 is divided by 90.
83
What is the remainder when 19817 is divided by 60?
17
What is the remainder when 10962 is divided by 51?
48
Calculate the remainder when 4694 is divided by 2690.
2004
Calculate the remainder when 109244 is divided by 3413.
28
What is the remainder when 2254 is divided by 37?
34
Calculate the remainder when 3032 is divided by 604.
12
What is the remainder when 4330 is divided by 27?
10
What is the remainder when 288677 is divided by 35?
32
Calculate the remainder when 3466 is divided by 214.
42
What is the remainder when 61873 is divided by 45?
43
Calculate the remainder when 78727 is divided by 56.
47
Calculate the remainder when 3595 is divided by 82.
69
Calculate the remainder when 56156 is divided by 28046.
64
What is the remainder when 19722 is divided by 9734?
254
Calculate the remainder when 5663 is divided by 5633.
30
What is the remainder when 1210416 is divided by 814?
812
What is the remainder when 5029 is divided by 986?
99
What is the remainder when 206134 is divided by 258?
250
Calculate the remainder when 73444 is divided by 73360.
84
Calculate the remainder when 39386 is divided by 130.
126
What is the remainder when 15783 is divided by 15737?
46
Calculate the remainder when 6528015 is divided by 987.
984
What is the remainder when 1843 is divided by 166?
17
What is the remainder when 6732 is divided by 54?
36
Calculate the remainder when 242493 is divided by 3.
0
Calculate the remainder when 2482 is divided by 743.
253
Calculate the remainder when 36192 is divided by 44.
24
Calculate the remainder when 62510 is divided by 201.
200
Calculate the remainder when 93734 is divided by 46859.
16
What is the remainder when 4566 is divided by 16?
6
What is the remainder when 9451 is divided by 4720?
11
Calculate the remainder when 5331 is divided by 4224.
1107
Calculate the remainder when 80666 is divided by 172.
170
Calculate the remainder when 1351 is divided by 913.
438
What is the remainder when 10528 is divided by 2460?
688
What is the remainder when 852602 is divided by 348?
2
What is the remainder when 8325 is divided by 55?
20
Calculate the remainder when 39042 is divided by 180.
162
Calculate the remainder when 8826 is divided by 27.
24
What is the remainder when 6841 is divided by 111?
70
Calculate the remainder when 31428 is divided by 435.
108
What is the remainder when 12640 is divided by 122?
74
What is the remainder when 364881 is divided by 95?
81
What is the remainder when 76065 is divided by 61?
59
What is the remainder when 22126 is divided by 2673?
742
Calculate the remainder when 705 is divided by 346.
13
Calculate the remainder when 5687 is divided by 378.
17
What is the remainder when 21877 is divided by 10819?
239
Calculate the remainder when 3201 is divided by 524.
57
Calculate the remainder when 662719 is divided by 449.
444
What is the remainder when 1549438 is divided by 320?
318
What is the remainder when 6652 is divided by 830?
12
Calculate the remainder when 593 is divided by 74.
1
What is the remainder when 6076 is divided by 46?
4
Calculate the remainder when 77612 is divided by 446.
8
Calculate the remainder when 25112 is divided by 1463.
241
Calculate the remainder when 40989 is divided by 119.
53
Calculate the remainder when 483155 is divided by 69021.
8
What is the remainder when 50933 is divided by 102?
35
What is the remainder when 40124 is divided by 2492?
252
What is the remainder when 11031 is divided by 5515?
1
What is the remainder when 111336 is divided by 267?
264
What is the remainder when 187326 is divided by 18730?
26
Calculate the remainder when 28516 is divided by 10.
6
What is the remainder when 126427 is divided by 67?
65
Calculate the remainder when 123904 is divided by 837.
28
Calculate the remainder when 4377 is divided by 199.
198
Calculate the remainder when 152532 is divided by 168.
156
Calculate the remainder when 44166 is divided by 1299.
0
Calculate the remainder when 312277 is divided by 36.
13
What is the remainder when 25454 is divided by 86?
84
Calculate the remainder when 16164 is divided by 66.
60
What is the remainder when 952 is divided by 117?
16
What is the remainder when 1245 is divided by 587?
71
What is the remainder when 284830 is divided by 85?
80
Calculate the remainder when 2053165 is divided by 349.
347
What is the remainder when 950 is divided by 250?
200
Calculate the remainder when 8200 is divided by 1.
0
Calculate the remainder when 4940062 is divided by 1646684.
10
What is the remainder when 337406 is divided by 23?
19
Calculate the remainder when 749 is divided by 212.
113
What is the remainder when 78272 is divided by 78249?
23
Calculate the remainder when 1462604 is divided by 843.
842
What is the remainder when 1683 is divided by 1151?
532
What is the remainder when 447016 is divided by 7450?
16
Calculate the remainder when 216314 is divided by 759.
758
Calculate the remainder when 287023 is divided by 215.
213
Calculate the remainder when 329 is divided by 74.
33
What is the remainder when 107129 is divided by 1055?
574
Calculate the remainder when 60266 is divided by 247.
245
Calculate the remainder when 208615 is divided by 96.
7
What is the remainder when 114103 is divided by 117?
28
What is the remainder when 7534 is divided by 1280?
1134
What is the remainder when 130102 is divided by 20?
2
What is the remainder when 43846 is divided by 42?
40
What is the remainder when 114872 is divided by 3104?
24
Calculate the remainder when 717 is divided by 448.
269
C